= 346 + -233. Let d = c - 34. Is d a prime number?
True
Let z(y) = -1276*y - 49. Is z(-6) composite?
False
Let z(s) = s + 8. Let f be z(-9). Is (-2 - -3)/(f - 3416/(-3414)) prime?
False
Suppose 6*p - 2*p = 84. Suppose p*d - 3175 = 16*d. Is d a prime number?
False
Suppose -16*a + 21*a = -15385. Is 1/(-4 + a/(-769)) prime?
True
Is (-7 - (-2 - 1))*(-469460)/80 prime?
True
Suppose -3893 - 4879 = 4*i. Let d = -1562 - i. Is d prime?
True
Suppose 2*c = -u + c - 250, -u + c - 246 = 0. Suppose 5*v = -716 - 169. Let g = v - u. Is g prime?
True
Let n(l) = -388*l**3 + 2*l**2 - l + 1. Let f be n(-2). Let y be -2*(-8)/12*3. Suppose -d + f = y*d. Is d prime?
False
Suppose 41*s - 326059 = 22*s. Is s prime?
False
Suppose 9 = 4*p - 7. Suppose t + 185 = -3*s, 0*s - p*t = 2*s + 130. Let a = s + 264. Is a a prime number?
False
Suppose 0 = -25*s + 19*s + 320406. Is s prime?
True
Suppose -371710 = -4*p - 130970. Is p prime?
False
Is (374106/(-10))/(33/(-55)) prime?
True
Suppose -45*p + 53107 = -40538. Is p a prime number?
True
Suppose -2*w = -0*w - 4*i + 668, -2*w - 684 = 4*i. Let m = 1044 + w. Is m a prime number?
False
Let m(v) = 7*v**2 + 19*v - 281. Is m(29) composite?
True
Let m = -651 - -682. Is m a composite number?
False
Let n = -30 - -30. Is ((-413)/4)/((n + 4)/(-16)) prime?
False
Suppose -3*u + 3869 = 266. Is u a prime number?
True
Let t(g) = 73*g + 3. Let b be t(4). Suppose -3*m + 5*m - 14 = 0. Suppose -b = -8*c + m*c. Is c prime?
False
Suppose -5*j = -p - 28116, 4*j - 16211 = 2*p + 6283. Is j a prime number?
True
Suppose 0*a + a = b - 25, 2*b - 5*a - 50 = 0. Suppose 16 = 3*v + b. Is v - 0/(-4) - -49 a composite number?
True
Let v(z) = 745*z**2 + 3*z + 3. Let a = 70 + -71. Is v(a) a composite number?
True
Let o(j) = 21*j**3 + j**2 - j. Let c(f) = f - 4. Let g be c(6). Suppose -g = -3*h + 7. Is o(h) a composite number?
True
Let q(s) = 2*s**2 + 52*s - 29. Is q(25) prime?
True
Let q(x) = -x**2 - 21*x + 2. Let n be q(-10). Let d = 187 - n. Suppose -9*o = -4*o - d. Is o a prime number?
False
Let c(k) = 43*k**2 - 65*k + 13. Is c(24) prime?
False
Suppose 9*q - 32 = -5. Suppose -2*n = 5*b - 801, 0*b = q*b + 3*n - 486. Is b a prime number?
False
Suppose 20 = -17*f + 12*f, -4*f = d - 4827. Is d a prime number?
False
Suppose 0 = -10*l + 23688 - 2678. Is l prime?
False
Let i = -535 + 1572. Is i a prime number?
False
Suppose 0 = 4*f + 460 + 1184. Let c = -57 - f. Suppose -3*w - c = -4*x + 227, 616 = 4*x + 4*w. Is x composite?
False
Suppose -5*f + 3*s + 9 - 41 = 0, -5*f - s = 36. Let q be f*1 - (-1 + -2). Is (51/(-9))/(q/36) a prime number?
False
Let q(s) be the third derivative of 2*s**5/15 + s**4/4 - 5*s**3/2 + 10*s**2. Is q(-6) prime?
False
Let g = -3654 - -10057. Is g prime?
False
Suppose -2438 = -83*w + 81*w. Is w composite?
True
Suppose 0 = u + 4*c - 7*c - 16, -2*u + 2*c + 16 = 0. Suppose -u*r + 766 = 102. Is r a prime number?
False
Suppose -5*g = -18354 + 3499. Is g a composite number?
False
Let x(y) = 9*y + 5. Let c be x(-2). Let q(u) = -2*u**3 - 17*u**2 - 14*u + 8. Is q(c) a composite number?
True
Let a = 4 + -8. Is 249/a*(-48)/18 a prime number?
False
Let q(c) = 2*c - 5*c - c**2 + 3*c - 6*c**3 + 15 + 8*c. Is q(-6) composite?
True
Let d(v) = 103*v - 88. Suppose 77 = -12*q + 185. Is d(q) a prime number?
True
Let c(f) = -222*f**2 + 17*f + 2. Let v be c(6). Is v/(-18) + 1 + 12/(-54) prime?
True
Suppose -49895 - 44331 = -22*w. Is w a prime number?
True
Suppose -34*a = -41944 - 347934. Is a a composite number?
False
Let b be 24/204 + (-30)/(-34). Let k be b/(-4) - (-2601)/36. Suppose 0 = -6*o - k + 204. Is o a composite number?
True
Let p(n) = 2*n**2 - 19 - 3*n**2 - 11*n + 11 - n**3 - 17. Is p(-10) prime?
False
Let q = -1 + 3. Suppose 0 = -q*d + 4. Suppose d*b = -4*h + 110, -2*h - 281 = -5*b + 18. Is b a composite number?
False
Suppose -4*b + n = 3*n - 14, 2*n - 2 = -b. Suppose -3686 = -2*s - 0*v - b*v, 4*v - 1839 = -s. Is s a prime number?
True
Let k be 8/(-48) - (-1)/6. Suppose k*a - 4*a = m - 1762, -a + 442 = m. Suppose -3*i + 353 = 4*n, 9*n - a = 4*n - 5*i. Is n composite?
False
Let z = 909 - -211. Suppose 5*m = -0*m + z. Suppose -m = -o + 117. Is o a prime number?
False
Suppose -5*o + 11 + 26 = 3*f, 0 = -5*f + 4*o. Suppose 2*n = -3*l + 381, -4*l + n - f*n + 508 = 0. Is l composite?
False
Let n(j) = j**3 - 7*j**2 + 9*j - 8. Let a be n(6). Let x = -6 + a. Suppose 3*p - 269 = 2*d, 340 = x*p - d + 3*d. Is p composite?
True
Let t = 52 - 60. Is 2*(-2018)/t - (-10)/20 a composite number?
True
Let u = -4148 + 9228. Suppose -a - c + 0*c = -2541, 0 = 2*a + 3*c - u. Is a a prime number?
True
Let v = -1 + 6. Suppose 0 = v*i - 2*u - 7315, -7*i + 7295 = -2*i + 2*u. Let g = i - 1016. Is g a composite number?
True
Suppose -7 - 8 = -3*g. Let r = 1 - g. Let p(y) = -6*y - 3. Is p(r) a composite number?
True
Let f(k) = k**2 + k. Let g(m) = 20*m**2 - 3*m + 4. Let l(r) = -6*f(r) + g(r). Let n be l(6). Suppose 4*z - n = -2*i, -2*z - 472 = -i - i. Is i composite?
False
Let k be -2 + 30/6 - (11 - 0). Is 2 + 4589/11 + k/44 a prime number?
True
Let i = 10 - 11. Let x(w) = 3*w**2 + 36*w**2 - 1 + w**2. Is x(i) prime?
False
Let y be (1/(-3) + -2)/(6/882). Let m = 524 + y. Is m composite?
False
Is (1941/(-6))/(5/150*-3) prime?
False
Suppose y - 4*s = -10, 4*y - 4*s + 85 = 21. Let t be ((-60)/y)/(2/57). Suppose 0 = -2*f + 289 - t. Is f composite?
False
Let n(q) be the third derivative of 71*q**4/24 + q**3/3 - 6*q**2. Is n(7) a composite number?
False
Is 52518/(-8)*44/(-33) a prime number?
True
Let t be 20/(-3)*(-105)/14. Let k(y) = t*y + 12*y - 1 - 4 - 14*y. Is k(7) prime?
True
Suppose 4*w - 2 - 18 = 0, 4*c - 2*w = 42. Suppose 5*r = 3*k - 25, 3*k + 3*r - c = 20. Is k composite?
True
Let i be (1299/(-12))/(6/24). Let g = -771 - i. Let p = -177 - g. Is p a composite number?
True
Let h(l) = -12*l**3 - 25*l**2 + 22*l + 86. Is h(-15) prime?
True
Suppose 4*b - 7*b = -2997. Suppose -2*i + 2326 = 2*g, 0 = -2*i - g + b + 1327. Is i composite?
False
Let q be -1*(3 - 5)*1. Suppose -4*d = -q*d + 404. Let z = d + 313. Is z a prime number?
False
Let j = -49 + 55. Suppose 3*p + 2*a = 373, j*p - p - 2*a - 595 = 0. Is p composite?
True
Suppose -5*w = -25, 0*g - 2*g + 4*w + 87722 = 0. Is g composite?
True
Suppose -7 = 4*k - 19. Is (k/(-9))/(3/(-8037)) composite?
True
Let j(u) = -3*u**3 + 3*u**2 + 3. Let v be j(5). Let i = v + 556. Is i prime?
False
Is 50262*9/108 - (-9)/(-6) prime?
False
Let s be (-17 + 191)/(2/(-11)) + 4. Let d(i) = -480*i - 2. Let p be d(-3). Let b = p + s. Is b composite?
True
Let b = -4419 + 7896. Let g = b - 1504. Is g a prime number?
True
Suppose -3*v = 2*s - 15447, -10288 = 20*v - 22*v + 2*s. Is v a prime number?
True
Let k = -47346 - -69113. Is k a composite number?
False
Is 80/10 + 482 + 1 composite?
False
Suppose -2*b - 6 = -6604. Is b composite?
False
Is 159266/6 + 98/147 a composite number?
True
Let c = -73 - -84. Suppose c*a - 4168 = 3*a. Is a composite?
False
Let f(t) = t**2 - 2*t - 567. Let u be f(0). Let d = -190 - u. Is d composite?
True
Suppose 2*o + 3*k = 1965 + 4269, o - 2*k = 3117. Is o a composite number?
True
Let i = -12312 - -20305. Is i a prime number?
True
Let o(g) = -6*g**2 + 6*g - 29. Let n be o(20). Suppose -2*m - a - 2*a - 3212 = 0, -3240 = 2*m - 4*a. Let b = m - n. Is b a composite number?
True
Let x(s) = -s**3 - 4*s**2 + 16*s + 6. Suppose -o - 2*d + d = 13, -5*o + d - 41 = 0. Is x(o) a composite number?
True
Suppose -20*y = -15*y. Suppose -x - 3*f = -183 - 23, y = 4*x - 4*f - 872. Is x a prime number?
False
Let w(y) = -4*y - 27. Let p be w(-8). Suppose -3*j + 5*j - p*u = 583, 0 = -u - 1. Is j a prime number?
False
Suppose 20*a = -25*a + 3693015. Is a a prime number?
True
Suppose 0 = 5*s + 3*l - 24741, -4*s + s + 4*l = -14862. Suppose -2*w + s + 3704 = 0. Is w a composite number?
False
Suppose 2*w - 68719 = -3*c, -2*w = 3*c - 7*w - 68684. Is c a prime number?
False
Suppose 7*x + 18*x = 37475. Is x a composite number?
False
Let v(r) = 1. Let l(b) = -50*b + 16. Let f(m) = l(m) + v(m). Is f(-6) prime?
True
Let k = 34750 - 10961. Is k a composite number?
False
Let d be 4/14 + 8342/7. Let s = d - 779. Is s a prime number?
False
Let i(z) = -69*z - 2. Let s(r) = -137*r - 4. Let m(q) = 7*i(q) - 4*s(q). Is m(1) prime?
True
Let h = -42 + 70. Suppose -h*s = -29*s + 401